posite?
True
Is 276109 prime?
False
Is 20921 a prime number?
True
Is 9511 a prime number?
True
Is 4111 a prime number?
True
Is 64951 a composite number?
False
Is 26231 prime?
False
Is 87293 a composite number?
False
Is 133838 a composite number?
True
Is 39637 prime?
False
Is 146593 prime?
False
Is 219119 prime?
True
Is 370193 composite?
False
Is 1582247 composite?
False
Is 168847 a prime number?
False
Is 27147 composite?
True
Is 76631 prime?
True
Is 28585 prime?
False
Is 46721 composite?
True
Is 212827 a prime number?
True
Is 9041 a composite number?
False
Is 47699 a prime number?
True
Is 18119 prime?
True
Is 4609 a prime number?
False
Is 3389 prime?
True
Is 5779 a prime number?
True
Is 43427 a composite number?
False
Is 205381 a composite number?
True
Is 697037 prime?
False
Is 56767 a prime number?
True
Is 22853 a prime number?
True
Is 851659 a composite number?
False
Is 1043 composite?
True
Is 1706179 a prime number?
True
Is 3077 prime?
False
Is 110463 prime?
False
Is 18129 composite?
True
Is 239698 prime?
False
Is 2878597 composite?
False
Is 7453 composite?
True
Is 66971 a composite number?
True
Is 294773 prime?
True
Is 3019 prime?
True
Is 394153 prime?
True
Is 5273 a prime number?
True
Is 394609 a composite number?
True
Is 21139 composite?
False
Is 235783 composite?
False
Is 291001 prime?
False
Is 319 prime?
False
Is 8033 a prime number?
False
Is 36071 a composite number?
True
Is 24877 prime?
True
Is 1165523 a composite number?
True
Is 7039 prime?
True
Is 31091 a composite number?
False
Is 6779 prime?
True
Is 5969 composite?
True
Is 629339 a composite number?
False
Is 56759 composite?
True
Is 12226 prime?
False
Is 231661 prime?
True
Is 8147 prime?
True
Is 17159 prime?
True
Is 7393 composite?
False
Is 57581 composite?
True
Is 130519 composite?
True
Is 619793 a composite number?
False
Is 1015837 composite?
True
Is 1376549 a prime number?
False
Is 213649 composite?
False
Is 1913 composite?
False
Is 116995 a prime number?
False
Is 472117 a composite number?
True
Is 37793 prime?
False
Is 77709 a composite number?
True
Is 243679 a composite number?
True
Is 263261 a composite number?
True
Is 5591 prime?
True
Is 47195 composite?
True
Is 112481 composite?
False
Is 470021 a composite number?
False
Is 15557 prime?
False
Is 4590515 prime?
False
Is 203183 composite?
False
Is 758107 a prime number?
False
Is 525827 a prime number?
False
Is 118571 composite?
False
Is 529571 prime?
False
Is 7789 composite?
False
Is 27011 composite?
False
Is 4742 composite?
True
Is 4831 prime?
True
Is 1631551 composite?
True
Is 177467 a prime number?
True
Is 464119 a composite number?
False
Is 74821 a composite number?
False
Is 4189 composite?
True
Is 45097 prime?
False
Is 503497 composite?
True
Is 262001 composite?
True
Is 11599 a composite number?
True
Is 9233 composite?
True
Is 12797 a composite number?
True
Is 84379 a composite number?
True
Is 6893 a prime number?
False
Is 59509 prime?
True
Is 150409 prime?
False
Is 6581 prime?
True
Is 22531 a prime number?
True
Is 1962743 prime?
True
Is 3587 prime?
False
Is 267959 prime?
True
Is 3377 prime?
False
Is 672197 a prime number?
False
Is 5737 a prime number?
True
Is 58501 a composite number?
True
Is 20561 a prime number?
False
Is 33791 composite?
False
Is 20093 a prime number?
False
Is 7907 prime?
True
Is 1005751 composite?
False
Is 133391 a prime number?
True
Is 24011 a prime number?
False
Is 92159 a composite number?
True
Is 88891 a prime number?
False
Is 73159 a prime number?
False
Is 19585 prime?
False
Is 2777 composite?
False
Is 592837 a composite number?
True
Is 13513 prime?
True
Is 64309 composite?
True
Is 33637 a composite number?
False
Is 40049 composite?
True
Is 87127 a composite number?
True
Is 90397 composite?
False
Is 5021 a prime number?
True
Is 10109 a composite number?
True
Is 1847 prime?
True
Is 58127 prime?
False
Is 145577 a prime number?
True
Is 248177 prime?
True
Is 601919 a prime number?
False
Is 5345 a composite number?
True
Is 68451 composite?
True
Is 2321 a prime number?
False
Is 7229 a prime number?
True
Is 97547 a composite number?
False
Is 171233 prime?
True
Is 92333 prime?
True
Is 129341 prime?
True
Is 25163 composite?
False
Is 387089 a composite number?
False
Is 9647 prime?
False
Is 88843 composite?
False
Is 19919 a prime number?
True
Is 1759 prime?
True
Is 117617 composite?
False
Is 166723 prime?
True
Is 124427 composite?
False
Is 207379 a composite number?
True
Is 789817 composite?
True
Is 182027 prime?
True
Is 30565 composite?
True
Is 100129 composite?
False
Is 17519 a prime number?
True
Is 10151 a composite number?
False
Is 2246 prime?
False
Is 6667 prime?
False
Is 170993 composite?
True
Is 992591 prime?
True
Is 238885 composite?
True
Is 538 prime?
False
Is 36247 a composite number?
True
Is 596929 prime?
True
Is 8819 prime?
True
Is 173467 a composite number?
True
Is 338359 composite?
True
Is 15917 a composite number?
True
Is 5414 a composite number?
True
Is 21911 a prime number?
True
Is 48017 prime?
True
Is 139133 a prime number?
True
Is 210937 a prime number?
False
Is 974257 prime?
False
Is 17231 a prime number?
True
Is 166949 prime?
True
Is 225061 a composite number?
False
Is 631 composite?
False
Is 847983 a composite number?
True
Is 467 a prime number?
True
Is 2437 a prime number?
True
Is 1087 composite?
False
Is 460903 composite?
False
Is 77005 composite?
True
Is 4703 composite?
False
Is 44327 composite?
True
Is 2517 a prime number?
False
Is 120157 prime?
True
Is 112901 a prime number?
True
Is 320351 a prime number?
False
Is 567629 prime?
False
Is 26627 prime?
True
Is 125539 composite?
False
Is 654277 composite?
True
Is 393 composite?
True
Is 16729 a prime number?
True
Is 12247 a prime number?
False
Is 39749 composite?
False
Is 245821 prime?
True
Is 128697 a prime number?
False
Is 7530509 prime?
False
Is 73181 prime?
True
Is 63573 composite?
True
Is 517623 composite?
True
Is 99701 prime?
False
Is 2999 prime?
True
Is 94753 composite?
True
Is 52999 a composite number?
False
Is 5293 a composite number?
True
Is 230365 prime?
False
Is 374587 prime?
True
Is 38957 a composite number?
True
Is 205879 prime?
True
Is 64057 a composite number?
True
Is 14519 prime?
True
Is 39505 a prime number?
False
Is 942401 a composite number?
False
Is 261871 composite?
True
Is 6329 a composite number?
False
Is 272959 a prime number?
True
Is 18409 a composite number?
True
Is 236513 prime?
False
Is 8011 prime?
True
Is 3137 a prime number?
True
Is 62029 prime?
False
Is 11995 a composite number?
True
Is 55147 a composite number?
False
Is 126193 a prime number?
False
Is 1823 a composite number?
False
Is 513609 composite?
True
Is 6001 prime?
False
Is 115249 composite?
False
Is 8419 prime?
True
Is 1398841 a prime number?
True
Is 4721 composite?
False
Is 227573 composite?
True
Is 173609 a prime number?
False
Is 305673 a prime number?
False
Is 379 composite?
False
Is 12437 prime?
True
Is 157117 composite?
True
Is 188767 prime?
True
Is 226295 composite?
True
Is 83 a prime number?
True
Is 21151 a composite number?
True
Is 11477 composite?
True
Is 86453 a prime number?
True
Is 52667 a prime number?
True
Is 5683 prime?
True
Is 62569 prime?
False
Is 1069 a prime number?
True
Is 223087 prime?
True
Is 116497 a prime number?
False
Is 25903 composite?
False
Is 1831 a composite number?
False
Is 252002 composite?
True
Is 16591 composite?
True
Is 494213 a composite number?
False
Is 34171 a composite number?
False
Is 11103 a prime number?
False
Is 185849 a composite number?
False
Is 93 a prime number?
False
Is 18514 a composite number?
True
Is 3236623 a prime number?
False
Is 3631841 a composite number?
False
Is 121037 prime?
False
Is 13781 prime?
True
Is 325879 a prime number?
False
Is 89431 prime?
True
Is 358217 a prime number?
False
Is 2926877 prime?
False
Is 68017 prime?
False
Is 72259 a prime number?
False
Is 14263 composite?
True
Is 113 composite?
False
Is 168941 a prime number?
False
Is 272093 a prime number?
True
Is 197507 composite?
False
Is 293 composite?
False
Is 21787 composite?
False
Is 13963 a composite number?
False
Is 3173 composite?
True
Is 22819 composite?
True
Is 2941 prime?
False
Is 23357 a prime number?
True
Is 25793 prime?
True
Is 2808781 composite?
True
Is 38013 composite?
True
Is 29399 a prime number?
True
I